{"version":"1.0","type":"rich","width":"560px","height":"140px","title":"Dit hei\u00dft Eisern! - W\u00e4hrend sich unsere Profimannschaft zur Vorbereitung auf die bevorstehenden Geisterspiele im Quarant\u00e4ne-Trainingslager befindet, sprechen wir mit zwei weiteren sehr interessanten Unionern: Sam Paff und Frank Nussb\u00fccker.","url":"https:\/\/www.wir-union-vereint-podcast.de\/2020\/05\/14\/14-dit-heisst-eisern\/","author_name":"Wir - Union vereint - Podcast der Stiftung des 1. FC Union Berlin, des Wirtschaftsrats und der Fan- und Mitgliederabteilung","author_url":"https:\/\/www.wir-union-vereint-podcast.de","thumbnail_url":"https:\/\/wir-union-vereint-podcast.de\/podcast\/wir14.jpg","html":"<iframe width=\"560px\" height=\"140px\" src=\"https:\/\/www.wir-union-vereint-podcast.de\/2020\/05\/14\/14-dit-heisst-eisern\/?standalonePlayer\"><\/iframe>"}

Dit heißt Eisern! - Während sich unsere Profimannschaft zur Vorbereitung auf die bevorstehenden Geisterspiele im Quarantäne-Trainingslager befindet, sprechen wir mit zwei weiteren sehr interessanten Unionern: Sam Paff und Frank Nussbücker.
