{"version":"1.0","type":"rich","width":"560px","height":"140px","title":"#39 &#8211; Das dritte Fu\u00dfballkind &#8211; Wie der 1. FC Union in Berlin geboren wurde - Wir reden, mit unserem Vereinschronisten Gerald Karpa \u00fcber das Jahr 1966 und die Gr\u00fcndung unseres Vereins. Die Rahmenbedingung, seine Bedeutung in Berlin und warum es nicht die Gewerkschaft war, die uns an der Wiege Pate stand.","url":"https:\/\/www.wir-union-vereint-podcast.de\/2021\/01\/29\/39-das-dritte-fussballkind-wie-der-1-fc-union-in-berlin-geboren-wurde\/","author_name":"Wir - Union vereint - Podcast der Stiftung des 1. FC Union Berlin, des Wirtschaftsrats und der Fan- und Mitgliederabteilung","author_url":"https:\/\/www.wir-union-vereint-podcast.de","thumbnail_url":"https:\/\/wir-union-vereint-podcast.de\/podcast\/wir39.jpg","html":"<iframe width=\"560px\" height=\"140px\" src=\"https:\/\/www.wir-union-vereint-podcast.de\/2021\/01\/29\/39-das-dritte-fussballkind-wie-der-1-fc-union-in-berlin-geboren-wurde\/?standalonePlayer\"><\/iframe>"}

#39 &#8211; Das dritte Fußballkind &#8211; Wie der 1. FC Union in Berlin geboren wurde - Wir reden, mit unserem Vereinschronisten Gerald Karpa über das Jahr 1966 und die Gründung unseres Vereins. Die Rahmenbedingung, seine Bedeutung in Berlin und warum es nicht die Gewerkschaft war, die uns an der Wiege Pate stand.
